 m = r - 106. What is the units digit of m?
3
Let x(h) = 27*h**2 - 31*h + 15. What is the hundreds digit of x(5)?
5
Suppose -j + 83 - 4 = 0. Suppose -j = -3*x - 16. Suppose 4*v - 81 = -x. What is the units digit of v?
5
Let n(h) = h**2 + 2*h + 1108. What is the thousands digit of n(0)?
1
Suppose 10 - 40 = -5*m. Let b be 0*((-9)/m + 2). Suppose -8*d + 73 = -3*d + 2*a, b = -a - 1. What is the tens digit of d?
1
Suppose -4*s = -16, 5*z + 10 = -0*s + 5*s. Suppose t = -4 - z. Let h(d) = d**3 + 7*d**2 + 3*d - 6. What is the tens digit of h(t)?
1
Suppose -4*l - 5*a - 292 = -0*a, -a = 0. Let z = 7 - l. What is the tens digit of z?
8
What is the units digit of 48/(-5*(-1)/30)?
8
Suppose -78099 - 5121 = -30*u. What is the thousands digit of u?
2
Suppose 2*z - 8*r = -13*r + 4391, 2*z - 3*r - 4415 = 0. What is the tens digit of z?
0
Let b = 1032 + -161. What is the hundreds digit of b?
8
What is the tens digit of (25 + -20)*(-6066)/(-15)?
2
Let f(n) = n**3 + 17*n**2 + n + 20. Let j(k) = -4*k**2 - 8*k - 5. Let q be j(-3). What is the units digit of f(q)?
3
Let r(n) = -2*n - 2. Let s(t) = -8*t**3 + 2*t - 1. Suppose 2*p - j + 6*j + 8 = 0, 0 = 5*j + 10. Let w be s(p). What is the tens digit of r(w)?
1
Suppose 0*y - 1056 = 3*y. What is the tens digit of y/(-5) + (-18)/45?
7
Suppose 2*l - 7*l + 25 = 0, 5*o = -4*l + 6800. What is the hundreds digit of o?
3
What is the hundreds digit of (-279630)/(-288) + 2/32?
9
Let a be 14 - (-1 + (-3)/(-1)). Let z = a - 5. Suppose 2*t - z*t - 61 = -2*j, -t - 3 = 0. What is the units digit of j?
3
Let n(f) be the second derivative of 7*f + 2*f**2 + 0 + 1/6*f**4 - 1/2*f**3. What is the units digit of n(5)?
9
Suppose -7*s + 89 = 5. Let o(v) = 2*v**2 + v - 1. Let j be o(-2). Suppose j*i - 132 = -s. What is the tens digit of i?
2
Let s be -1*((2 - 1) + 2). Let a(d) = -19*d + 5. What is the units digit of a(s)?
2
Suppose -2*l + 66 = 4*f, 0 = 4*f - 2*l + 6*l - 64. Suppose -f*x + 12*x = 0. Suppose x = -2*m + m + 15. What is the units digit of m?
5
Let b(d) = d**3 - 4*d**2 - d. Let z be b(4). What is the units digit of 1 - (-77 - (z - -1))?
5
Let w(t) = -3*t**3 + 5*t**2 + 4*t + 160. Let k(f) = 2*f**3 - 3*f**2 - 2*f - 80. Let m(s) = 5*k(s) + 3*w(s). What is the units digit of m(0)?
0
Suppose 857*u = 861*u - 2392. What is the hundreds digit of u?
5
Suppose 4*m - b - 409 = -2*b, -2*m + 202 = -2*b. Suppose 3*y - m = 2*y. What is the tens digit of y?
0
Let g = 13 + -9. Suppose -3*v + 3*r = -0*r - 321, -428 = -g*v - 5*r. What is the units digit of v?
7
Suppose u - 398 = -43. What is the units digit of u?
5
Let f be 3 + (-12)/6 - -4. Suppose 337 = 3*q + m, 0*q - 575 = -5*q - f*m. What is the hundreds digit of q?
1
Let l be (7 + -18)/(3/(-15)). Suppose 4*g - 107 = -b, 0 = 2*g + 5*b - l - 12. Let c = g - 8. What is the tens digit of c?
1
Suppose 15*q + 5*j + 1164 = 17*q, q - 583 = 3*j. What is the units digit of q?
7
Let j = -899 + 1279. What is the hundreds digit of j?
3
Let s(o) = o + 1 + 14 + 0. Let r be s(-11). Suppose -61 = -r*g + 23. What is the tens digit of g?
2
Let n(o) = 77*o**3 + 2*o**2 + 5*o - 31. What is the units digit of n(4)?
9
Suppose -2*b - 3*b + 60 = 0. Suppose -i + 2*y = 2*i - 13, 0 = -2*i + 2*y + b. Let u(c) = 3*c**3 + c**2 - c + 1. What is the units digit of u(i)?
4
What is the units digit of ((-7584)/(-21))/((-20)/(-70))?
4
Suppose -6*y - 129 = -3*y. Let x = 123 + y. What is the units digit of x?
0
Let b(a) = -a**3 + 10*a**2 - 10*a + 3. Let x be b(7). Suppose 3*q - 4*q = -x. What is the tens digit of q?
8
Let g = -111 - -129. What is the units digit of g?
8
Let m(q) = 27*q**2 + 4*q + 11. What is the hundreds digit of m(4)?
4
Suppose -5*d = -2*d - 6. Suppose -2*f + 196 = d*f + 5*i, 3*f - 174 = 3*i. What is the units digit of f?
4
Suppose 84*n - 89*n = -100. Let w(o) = -o**3 + 8*o**2 + o - 5. Let k be w(8). Suppose k*j - 5*r - 57 = -j, -n = 4*r. What is the units digit of j?
8
What is the tens digit of (-2)/((-2)/669) + (-25 - -28)?
7
Let a = 23 + -12. Suppose -960 = a*h - 16*h. What is the hundreds digit of h?
1
Let k = 22 + -11. Suppose -v - 24 = -4*u, 0*u = 3*u + v - k. What is the tens digit of 3*1 - (-105)/u?
2
Suppose -224 = -f + z + 71, 2*f - 593 = -z. What is the tens digit of f?
9
Let a = -1461 - -5080. What is the hundreds digit of a?
6
Let o(f) = 9*f**2 + 9*f - 11. Let g(t) = -4*t**2 - 5*t + 5. Let w(k) = -7*g(k) - 3*o(k). What is the units digit of w(-10)?
8
Suppose -2*h + 2336 = d, -1674 = -5*d - 3*h + 10041. What is the thousands digit of d?
2
Let y(f) = 8*f**3 - 5*f**2 + 6*f - 11. Let o be y(4). Suppose -o = -4*u - 5*s, 4*u - 537 + 100 = 3*s. What is the hundreds digit of u?
1
Suppose 0 = -3*d + 2*z - z - 68, 0 = 5*d - 3*z + 108. Let y be 6/d + 386/8. What is the tens digit of (-2)/(1/y*-3)?
3
Let o(j) = j + 6. Let g be o(-3). Suppose 0*z + 9 = g*z. Suppose -6*b + z*n = -2*b - 89, -3*n = -2*b + 43. What is the tens digit of b?
2
What is the tens digit of ((-1542)/(-9))/(114/18 + -6)?
1
Suppose 4*p - 11 - 1 = 0, -2*p = 5*w - 5546. What is the tens digit of w?
0
What is the thousands digit of (80083/53)/((-1)/(-1))?
1
Let s(g) = 20*g**2 + 7*g - 27. What is the tens digit of s(-7)?
0
Let p = 105 - 108. Let b = p + 242. What is the hundreds digit of b?
2
Let t be -6 + (-1326)/(-12) + (-1)/(-2). Let g = t + 9. What is the hundreds digit of g?
1
Suppose 0 = -n + 6*b - 3*b - 9, 33 = 3*n + 3*b. Let m(g) = 2*g - 2. Let s be m(n). Suppose -p - s = -t - 31, -2*p = 2*t - 46. What is the tens digit of p?
2
Suppose 7 + 2 = 3*i. Let r(v) = -4*v**2 - 3*v + 0*v + 4*v**i + 6 - 2*v - 3*v**3. What is the units digit of r(5)?
6
What is the hundreds digit of ((-3951)/(-6))/(6/8)?
8
Suppose 0 = 4*p - 5*m - 10372, p = -p + 5*m + 5196. Suppose p - 78 = 10*d. What is the units digit of d?
1
Let q = -3036 + 5823. What is the hundreds digit of q?
7
What is the tens digit of (-4)/((-16)/4) + 578?
7
Suppose -4*b + 9 = -5*b. Let p(h) = h**3 + 10*h**2 + 8*h - 6. Let q be p(b). Suppose 6 = -2*t - 3*f + 56, q*t + 5*f = 73. What is the tens digit of t?
3
Suppose 0 = -4*h - 11*h + 9120. What is the hundreds digit of h?
6
Suppose v - 4*v = -4*a + 26, 5*v + 10 = 0. Suppose 0 = a*d - 3*d - 4. Suppose d*j - 8 = 20. What is the tens digit of j?
1
Let h = 1748 + 2153. What is the tens digit of h?
0
Let t(n) = 2*n**2 + 2*n - 2. Let l be t(-3). Let y = l - 15. What is the units digit of (-8 - 2)*y/2?
5
Suppose x = 2*x + 16. Let q be 1 - x/(-4) - 14. Let j = q - -30. What is the tens digit of j?
1
Let w(h) = -h**3 + 6*h**2 - 5*h. Let m be w(4). Suppose -6 = -6*u + m. Suppose 299 = 4*a - 5*s, 5*a - 348 = -u*s + 35. What is the tens digit of a?
7
Let o(l) = -l**2 + 9*l - 2. Let s be o(8). Suppose s = w - 0*w. Suppose -5*h + w*h = 2. What is the units digit of h?
2
Let q = 1238 + -451. What is the hundreds digit of q?
7
What is the tens digit of (-7)/28*-2770*(-4)/(-10)?
7
What is the tens digit of 880/(-6)*((-308)/35 + -2)?
8
Let j(o) = -o**2 + o + 2. Let f be j(1). Suppose 0 = -f*q - 5*x - 1, 2*x + 38 = 5*q - 32. What is the tens digit of q?
1
Suppose -3 = 7*q - 87. Suppose 3*s - 3*t + 1 - 7 = 0, -2*s = 5*t - 11. Suppose 5*i = s + q. What is the units digit of i?
3
Let i = -15 - -7. Suppose 2*t + 5403 = 4*l - t, l - 1354 = 4*t. What is the tens digit of (l/(-36))/(6/i)?
5
Let h(u) = u**3 - 4*u**2 - 10*u + 5. Let a be h(5). Let y = -17 - a. Suppose -2*j = -y*j + 50. What is the units digit of j?
0
Suppose 2*w - 49 + 35 = 0. What is the units digit of w?
7
Suppose -2*b - b - 17 = -4*u, 0 = -2*u - 8. Let q = 13 + b. What is the units digit of 1*q - (-19 + 1)?
0
Suppose -2*y - l = -260, 4*y - 380 = y - 4*l. Suppose 0 = 4*w - q - y, -4*w = q - 184 + 60. What is the tens digit of w?
3
Let n(x) = 3*x - 2. Let z(r) = -7*r + 5. Let i(m) = 9*n(m) + 4*z(m). Suppose -2*q - q = -f - 14, 2*f + 5*q + 6 = 0. What is the units digit of i(f)?
0
Suppose 0 = -2*a + a + 3. Let o(c) be the third derivative of c**5/10 - 7*c**4/24 + c**3/2 - 169*c**2. What is the tens digit of o(a)?
3
Let b(u) be the third derivative of -u**5/60 + 3*u**3/2 + 4*u**2. What is the units digit of b(0)?
9
What is the tens digit of 6/(-7) + 1672200/504?
1
Let n be (74/6)/((-2)/(-6) + 0). Let c = n + 64. What is the hundreds digit of c?
1
Let f be (2 + 3*-2)*(-36)/8. What is the hundreds digit of